 l(74)?
35
Let r(w) = 19593*w - 175813. Determine r(9).
524
Let j(d) = d**3 + 14*d**2 - 77*d - 31. What is j(-18)?
59
Let w(t) = -1208*t + 4123. Determine w(4).
-709
Let k(z) = 71*z**3 - 3630*z - 7255. Give k(-2).
-563
Let n(k) = -497*k**2 - 4074*k + 8957. Calculate n(-10).
-3
Let k(p) = -792294*p - 4753777. Calculate k(-6).
-13
Let n(s) = -2682*s - 86087. Calculate n(-32).
-263
Let q(s) = -2*s**3 + 3*s**2 - 1265*s + 8848. What is q(7)?
-546
Let x(k) = -6553*k - 155. Calculate x(0).
-155
Let t(p) = -79*p + 1716. What is t(34)?
-970
Let k(x) = 4*x**3 - 24*x**2 - 7*x + 198. Give k(-3).
-105
Let y(o) = 25015*o - 125558. What is y(5)?
-483
Let d(q) = -q**3 + 21*q**2 - 4*q + 73. Calculate d(23).
-1077
Let u(v) = -7*v**3 - 11*v**2 + 64*v + 290. Calculate u(-4).
306
Let p(a) = 55*a**3 + 4*a**2 + 2*a + 6. Give p(2).
466
Let c(m) = 2*m**2 - 5404*m - 65177. Determine c(-12).
-41
Let u(y) = -10433*y + 124805. What is u(12)?
-391
Let i(y) = 36372*y - 2727901. Calculate i(75).
-1
Let u(z) = -z**3 + 708*z**2 + 1538*z - 83806. Determine u(710).
-26
Let z(o) = -29*o**2 - 469*o - 74. Give z(-16).
6
Let q(g) = -g**2 - 413*g - 37526. What is q(-278)?
4
Let m(w) = 399*w + 29867. Calculate m(-75).
-58
Let s(z) = -z**2 - 540*z - 68369. Calculate s(-176).
-4305
Let h(f) = f**3 + 7*f**2 + 29*f + 524. Determine h(-11).
-279
Let x(d) = 822*d - 8280. What is x(10)?
-60
Let y(x) = -22*x**2 + 13510*x - 107877. Calculate y(606).
-9
Let k(g) = 9532*g + 76255. What is k(-8)?
-1
Let y(c) = -c**2 - 2076*c + 27009. Give y(13).
-148
Let l(s) = 114361*s + 1944100. Give l(-17).
-37
Let k(x) = 38*x**2 - 1754*x + 75. Calculate k(46).
-201
Let t(u) = -3*u**2 + 56*u + 4834. Calculate t(51).
-113
Let z(t) = 12*t**3 - 3*t**2 + 74*t + 385. Give z(-4).
-727
Let o(u) = -u**3 - 160*u**2 + 20*u + 3407. What is o(-160)?
207
Let l(z) = 14*z**2 - 767*z - 1088. What is l(56)?
-136
Let f(v) = 2*v**3 + 12*v**2 - 89*v - 23. Give f(-13).
-1232
Let l(n) = -n**3 - 47*n**2 - 172*n - 3. Calculate l(-43).
-3
Let q(s) = 1962*s**3 - 5*s**2. Determine q(-1).
-1967
Let a(b) = b**3 + 13*b**2 + 53*b + 277. Determine a(-10).
47
Let i(x) = -x**2 + 520*x - 58796. What is i(177)?
1915
Let u(q) = -19172*q - 2760764. Determine u(-144).
4
Let u(m) = 17175*m - 51586. Calculate u(3).
-61
Let t(c) = -32*c**2 - 3167*c - 3033. Calculate t(-98).
5
Let k(d) = -6*d**2 - 822*d + 6953. Give k(8).
-7
Let p(b) = b**2 + 3761*b - 229258. Calculate p(60).
2
Let k(r) = -50*r - 2077. What is k(-62)?
1023
Let i(x) = 2942*x + 74671. What is i(-26)?
-1821
Let j(t) = -972*t**2 - 7805*t - 213. Determine j(-8).
19
Let z(w) = -8666*w + 43730. Calculate z(5).
400
Let m(j) = 1266*j - 25707. Calculate m(20).
-387
Let o(u) = -u**3 + 75*u**2 + 1310*u - 1697. Determine o(89).
3999
Let a(z) = 12*z**3 + 97*z**2 + 2*z - 57. What is a(-8)?
-9
Let g(o) = -o**2 + 6529*o + 58840. What is g(-9)?
-2
Let c(m) = -m**3 + 56*m**2 - 73*m + 795. Give c(55).
-195
Let q(n) = -n**2 + 435*n + 92000. What is q(-155)?
550
Let w(n) = -6*n**2 - 1522*n - 13199. What is w(-9)?
13
Let m(c) = -7*c**3 + 31*c**2 + 404*c - 1914. Calculate m(5).
6
Let m(v) = -2*v**3 - 27*v**2 - 1207*v - 15514. Give m(-13).
8
Let v(j) = -j**3 + 93*j**2 - 573*j + 72507. Determine v(95).
22
Let g(j) = 2*j**3 - 190*j**2 + 2395*j + 175. Give g(80).
-225
Let v(a) = -7*a**2 - 585*a - 1815. Calculate v(-3).
-123
Let a(d) = -348*d**3 + 33*d**2 - 2*d - 3. Calculate a(-1).
380
Let q(y) = -9*y**3 + 14*y**2 - 61*y + 126. Determine q(4).
-470
Let r(n) = 1759*n**2 + 28142*n - 34. Calculate r(-16).
-2
Let a(y) = 2*y**3 - 417*y**2 + 112*y + 19966. What is a(208)?
-2
Let a(b) = -107*b + 683. What is a(4)?
255
Let b(c) = -9*c**2 - 156*c + 49074. Give b(-83).
21
Let n(u) = 41554*u + 415529. Give n(-10).
-11
Let p(c) = -c**2 - 433*c + 43280. What is p(84)?
-148
Let q(g) = -26*g**2 + 359*g + 44. What is q(15)?
-421
Let l(p) = -5*p**2 + 657*p - 21516. What is l(67)?
58
Let k(y) = y**3 - 22*y**2 + 2*y + 58. What is k(-6)?
-962
Let g(r) = 3*r**3 + 123*r**2 + 240. What is g(-41)?
240
Let f(j) = 70*j**2 + 14486*j - 14488. What is f(1)?
68
Let y(w) = -49581*w - 348611. Determine y(-7).
-1544
Let u(z) = -z**3 - 165*z**2 + 61*z - 45576. Give u(-167).
15
Let q(d) = d**3 + 168*d**2 + 643*d - 1509. Determine q(-164).
623
Let i(k) = -k**3 + 10*k**2 + 224*k + 164. Calculate i(21).
17
Let h(q) = 76983*q + 153937. Determine h(-2).
-29
Let w(u) = 3629*u + 50. Give w(0).
50
Let p(f) = 400*f + 8440. Give p(-21).
40
Let a(f) = 10*f**3 - 110*f**2 + 14*f + 104. What is a(12)?
1712
Let k(g) = 51403*g + 154646. Calculate k(-3).
437
Let o(x) = 93766*x + 1594027. Determine o(-17).
5
Let m(k) = k**3 - 256*k**2 - 5223*k - 546. Determine m(275).
4
Let c(l) = 834*l - 30262. Give c(36).
-238
Let j(b) = -69287*b + 99842562. What is j(1441)?
-5
Let l(z) = z**2 - 2169*z + 829807. Give l(1673).
-1
Let p(i) = -i**3 + 61*i**2 - 216*i - 563. Calculate p(57).
121
Let c(o) = -o**3 - 24*o**2 - 1961*o - 47070. Determine c(-24).
-6
Let n(p) = -33767*p - 945474. Determine n(-28).
2
Let n(u) = 116*u**2 + 2777*u - 21090. Determine n(-30).
0
Let p(c) = -615912*c + 1847743. Calculate p(3).
7
Let l(r) = -13*r**2 + 899*r - 3478. Determine l(4).
-90
Let a(o) = -123754*o - 495020. Give a(-4).
-4
Let f(y) = 4*y**2 + 919*y + 664. Calculate f(-229).
-23
Let a(u) = -126565*u + 7593898. Give a(60).
-2
Let x(t) = -3*t**3 - 49*t**2 - 3065*t + 3114. Determine x(1).
-3
Let o(j) = -j**3 - 65*j**2 + 57*j - 760. Determine o(-66).
-166
Let n(r) = -73*r**2 - 90*r + 578. Give n(7).
-3629
Let y(a) = 2*a**3 + 469*a**2 - 1437*a + 88. Determine y(3).
52
Let b(d) = -d**2 + 2726*d + 68820. What is b(-25)?
45
Let d(u) = 13*u**2 - 378*u - 3298. Determine d(36).
-58
Let t(m) = -5*m**2 - 1671*m - 22128. What is t(-320)?
592
Let j(y) = 724477*y - 5071339. Calculate j(7).
0
Let i(a) = 2024*a + 481816. What is i(-238)?
104
Let i(v) = 874*v**3 - 8*v**2 + 25*v - 14. What is i(1)?
877
Let g(c) = 19*c**3 + 399*c**2 - 43*c - 43. Give g(-21).
860
Let u(l) = -l**3 + 128*l**2 + 528*l - 100. Determine u(132).
-100
Let p(c) = c**2 + 39611*c - 396168. Calculate p(10).
42
Let j(z) = -4*z**3 - 662*z**2 + 304*z - 4756. Give j(-166).
-108
Let r(k) = 674*k - 3302. Determine r(5).
68
Let k(m) = 19*m + 982. Calculate k(3).
1039
Let h(w) = -2899*w + 159480. Determine h(55).
35
Let m(z) = -69*z**2 + 2353*z - 216. What is m(34)?
22
Let r(a) = 3113*a + 261501. Give r(-84).
9
Let a(c) = -c**3 - 44*c**2 - 104*c - 82. What is a(-42)?
758
Let n(b) = -b**3 - 103*b**2 - 412*b - 1622. Give n(-99).
-38
Let m(t) = -2*t**3 - 36*t**2 - 61*t + 40. Determine m(-13).
-857
Let b(l) = l**3 + 42*l**2 - 85*l - 474. What is b(-43)?
1332
Let l(t) = t**3 - 76*t**2 - 1157*t + 3. What is l(-13)?
3
Let n(c) = 8*c**2 + 337*c + 2693. Calculate n(-11).
-46
Let k(c) = -c**2 + 11929*c + 203438. Give k(-17).
356
Let s(m) = -45*m**2 - 447*m - 896. Calculate s(-2).
-182
Let a(c) = -112*c**2 + 95*c + 119. Determine a(-2).
-519
Let b(x) = 6485*x + 142679. Calculate b(-22).
9
Let y(t) = -t**2 + 228*t - 8281. Calculate y(44).
-185
Let r(x) = -48*x**2 + 37293*x - 109145. Determine r(774).
-11
Let n(a) = -a**3 - 85*a**2 + 1264*a - 369. Determine n(-98).
611
Let v(a) = -a**3 - 190*a**2 - 2771*a + 2251. Give v(-174).
-11
Let w(h) = -h**3 + 25*h**2 + 604*h + 2529. What is w(-10)?
-11
Let i(o) = 4*o**3 + 236*o**2 + 2123*o + 52. Give i(-11).
-69
Let l(p) = 682*p - 7532. Calculate l(11).
-30
Let x(v) = -141*v - 2764. Determine x(-26).
902
Let w(r) = -28250*r - 3898504. Determine w(-138).
-4
Let f(v) = 2*v**3 - 300*v**2 - 62*v - 36246. Give f(151).
-6
Let l(i) = 40*i**3 + i**2 + 362*i + 1077. What is l(-3)?
-1080
Let i(c) = 2*c**3 - 64*c**2 - 28*c + 20. Determine i(32).
-876
Let j(y) = -y**2 + 1583*y + 119151. Calculate j(-72).
-9
Let d(k) = k**2 - 159356*k - 318718. Determine d(-2).
-2
Let k(b) = 64*b**2 + 264*b + 41. Calculate k(-4).
9
Let t(o) = -3599*o**2 - 34*o + 36. What is t(1)?
-3597
Let f(c) = -c**3 + 304*c**2 - 5712*c + 9089. Determine f(284).
1
Let w(y) = 13*y**2 - 258*y + 1153. Calculate w(9).
-116
Let o(g) = -4*g**3 - g**2 - 36*g - 65. Determine o(-2).
35
Let p(q) = 13576*q + 1072497. Give p(-79).
-7
Let d(u) = 33*u**2 - 478*u - 1167. Determine d(13).
-1804
Let m(p) = -2*p**3 + 39*p**2 - 193*p + 67. Determine m(11).
1
Let m(x) = 12*x**3 + 5